{"id":1694,"date":"2023-01-20T11:33:01","date_gmt":"2023-01-20T10:33:01","guid":{"rendered":"https:\/\/szkola.miedzyborow.pl\/podstawowa\/?page_id=1694"},"modified":"2023-01-26T10:54:09","modified_gmt":"2023-01-26T09:54:09","slug":"hymn-szkoly","status":"publish","type":"page","link":"https:\/\/szkola.miedzyborow.pl\/podstawowa\/hymn-szkoly\/","title":{"rendered":"Hymn szko\u0142y"},"content":{"rendered":"\n<table class=\"szkielet\" border=\"0\" width=\"100%\" cellspacing=\"0\" cellpadding=\"0\">\n    <tr>\n      <td width=\"100%\" align=\"center\">\n        <h1>Hymn Szko\u0142y Podstawowej<\/h1>\n\t<BR>\n      <div align=\"center\">\n        <center>\n        <table border=\"0\" width=\"88%\" cellpadding=\"4\">\n  <center>\n  <tr>\n    <td width=\"120%\">\n      <p align=\"center\">&nbsp;<img decoding=\"async\" border=\"0\" src=\"\/zsp\/grafika\/logo_sp.jpg\" width=\"38\" height=\"39\"><\/td>\n  <\/tr>\n  <tr>\n    <td width=\"120%\" bgcolor=\"#045A01\">\n      <p align=\"center\"><font color=\"#FFFFFF\">Hymn &nbsp; <i><a href=\"\/podstawowa\/wp-content\/uploads\/pliki1\/hymn.mp3\" class=\"bialy\" target=\"_blank\" rel=\"noopener\">pos\u0142uchaj<\/a><\/i><\/font><\/td>\n  <\/tr>\n  <tr>\n    <td width=\"120%\">\n        <\/center>\n  <\/center>\n  <p class=\"Bezodstpw\" align=\"center\" style=\"text-align: center; line-height: 150%\"><font face=\"Tahoma\"><span style=\"mso-tab-count:1\"><br>\n  <\/span><\/font><\/p>\n  <p style=\"LINE-HEIGHT: 100%; TEXT-INDENT: 0px; MARGIN: 0px; WORD-SPACING: 0px\" align=\"center\"><font size=\"3\" face=\"Tahoma\">Budynek\n  jasny w\u015br\u00f3d sosen,<br>\n  codziennie do niego zmierzasz,<br>\n  spotyka\u0107 si\u0119 z ucznia losem,<br>\n  swoje horyzonty poszerza\u0107.<\/font><\/p>\n  <div align=\"center\">\n    <center>\n    <pre><b><font color=\"#008000\" size=\"3\" face=\"Tahoma\">Ref. \nNasza szko\u0142a, nasza szko\u0142a,\nW niej dobrze czuje si\u0119 cz\u0142owiek.\nNasza szko\u0142a, nasza szko\u0142a,\nTo szko\u0142a w Mi\u0119dzyborowie.<\/font><\/b><\/pre>\n    <\/center>\n  <\/div>\n  <div align=\"center\">\n    <center>\n    <pre><font size=\"3\" face=\"Tahoma\">Na \u017c\u00f3\u0142tej tarczy serduszko,\nten symbol dobrze nam wr\u00f3\u017cy.\nUlic\u0105 czy le\u015bn\u0105 dr\u00f3\u017ck\u0105,\nidzie tu ma\u0142y i du\u017cy.\n<\/font><\/pre>\n    <\/center>\n  <\/div>\n  <div align=\"center\">\n    <center>\n    <pre><b><font color=\"#008000\" size=\"3\" face=\"Tahoma\">Ref. \nNasza szko\u0142a, nasza szko\u0142a,\nW niej dobrze czuje si\u0119 cz\u0142owiek.\nNasza szko\u0142a, nasza szko\u0142a,\nTo szko\u0142a w Mi\u0119dzyborowie.<\/font><\/b><\/pre>\n    <\/center>\n  <\/div>\n  <div align=\"center\">\n    <center>\n    <pre><font size=\"3\" face=\"Tahoma\">A kiedy po latach wielu\ndo swych rodzinnych stron wr\u00f3cisz,\nprzyjd\u017a do nas zn\u00f3w przyjacielu,\nz m\u0142odszymi piosnk\u0119 zanucisz.\n<\/font><\/pre>\n    <\/center>\n  <\/div>\n  <div align=\"center\">\n    <center>\n    <pre><font size=\"3\" face=\"Tahoma\"><b><font color=\"#008000\">Ref. \nNasza szko\u0142a, nasza szko\u0142a,\nJak dobrze czu\u0142 si\u0119 w niej cz\u0142owiek.\nNasza szko\u0142a, nasza szko\u0142a,\nTo tutaj promuje si\u0119 zdrowie.<\/font><\/b>\n<\/font><\/pre>\n    <\/center>\n  <\/div>\n  <div align=\"center\">\n    <center>\n    <pre>&nbsp;<\/pre>\n    <\/center>\n  <\/div>\n  <div align=\"right\">\n    <pre><i><font size=\"3\" face=\"Tahoma\">s\u0142owa: J\u00f3zef Adamczyk<\/font><\/i><\/pre>\n  <\/div>\n  <div align=\"right\">\n    <pre><i><font size=\"3\" face=\"Tahoma\">muzyka: Iwona Maciejewska<\/font><\/i><\/pre>\n  <\/div>\n  <p class=\"MsoNormal\" align=\"center\" style=\"mso-margin-top-alt: auto; mso-margin-bottom-alt: auto; line-height: 150%\">&nbsp;<\/p>\n  <p class=\"MsoNormal\" align=\"center\" style=\"mso-margin-top-alt: auto; mso-margin-bottom-alt: auto; line-height: 150%\"><span style=\"font-size:12.0pt;font-family:Tahoma;mso-fareast-font-family:&quot;Times New Roman&quot;;\ncolor:black;mso-ansi-language:PL;mso-fareast-language:PL;mso-bidi-language:\nAR-SA\"><br style=\"mso-special-character:line-break\">\n  <\/span><\/td>\n  <\/tr>\n  <\/table>\n        <\/div>\n  <center>\n        <p align=\"center\">&nbsp;<\/p>\n  <\/center>\n      <\/td>\n    <\/tr>\n  <\/table>\n","protected":false},"excerpt":{"rendered":"<p class=\"tx-excerpt\">Hymn Szko\u0142y Podstawowej &nbsp; Hymn &nbsp; pos\u0142uchaj Budynek jasny w\u015br\u00f3d sosen, codziennie do niego zmierzasz, spotyka\u0107 si\u0119 z ucznia losem, swoje horyzonty poszerza\u0107. Ref. Nasza szko\u0142a, nasza szko\u0142a, W niej dobrze czuje si\u0119<div class=\"tx-read-more\"><a href=\"https:\/\/szkola.miedzyborow.pl\/podstawowa\/hymn-szkoly\/\">Czytaj wi\u0119cej<\/a><\/div>","protected":false},"author":2,"featured_media":0,"parent":0,"menu_order":0,"comment_status":"closed","ping_status":"closed","template":"","meta":[],"_links":{"self":[{"href":"https:\/\/szkola.miedzyborow.pl\/podstawowa\/wp-json\/wp\/v2\/pages\/1694"}],"collection":[{"href":"https:\/\/szkola.miedzyborow.pl\/podstawowa\/wp-json\/wp\/v2\/pages"}],"about":[{"href":"https:\/\/szkola.miedzyborow.pl\/podstawowa\/wp-json\/wp\/v2\/types\/page"}],"author":[{"embeddable":true,"href":"https:\/\/szkola.miedzyborow.pl\/podstawowa\/wp-json\/wp\/v2\/users\/2"}],"replies":[{"embeddable":true,"href":"https:\/\/szkola.miedzyborow.pl\/podstawowa\/wp-json\/wp\/v2\/comments?post=1694"}],"version-history":[{"count":3,"href":"https:\/\/szkola.miedzyborow.pl\/podstawowa\/wp-json\/wp\/v2\/pages\/1694\/revisions"}],"predecessor-version":[{"id":1896,"href":"https:\/\/szkola.miedzyborow.pl\/podstawowa\/wp-json\/wp\/v2\/pages\/1694\/revisions\/1896"}],"wp:attachment":[{"href":"https:\/\/szkola.miedzyborow.pl\/podstawowa\/wp-json\/wp\/v2\/media?parent=1694"}],"curies":[{"name":"wp","href":"https:\/\/api.w.org\/{rel}","templated":true}]}}