{"id":765,"date":"2020-08-19T12:23:52","date_gmt":"2020-08-19T10:23:52","guid":{"rendered":"https:\/\/themes.network\/education-pro-two\/?page_id=684"},"modified":"2023-01-26T11:22:39","modified_gmt":"2023-01-26T10:22:39","slug":"about-us","status":"publish","type":"page","link":"https:\/\/szkola.miedzyborow.pl\/podstawowa\/about-us\/","title":{"rendered":"O szkole"},"content":{"rendered":"\n<h2 class=\"has-text-align-center\"><mark style=\"background-color:rgba(0, 0, 0, 0)\" class=\"has-inline-color has-strong-magenta-color\">O szkole w Mi\u0119dzyborowie<\/mark><\/h2>\n\n\n\n<div class=\"is-layout-flex wp-container-4 wp-block-columns alignwide are-vertically-aligned-center\">\n<div class=\"is-layout-flow wp-block-column\" style=\"flex-basis:67%\">\n<div class=\"is-vertical is-layout-flex wp-container-1 wp-block-group\">\n<p>Mi\u0119dzyborowska szko\u0142a jest jedn\u0105 z lepszych plac\u00f3wek o\u015bwiatowych   w okolicy. Mn\u00f3stwo dzieci z okolicznych miejscowo\u015bci ucz\u0119szcza tutaj. Jej mocn\u0105 stron\u0105 jest wsp\u00f3\u0142praca ze \u015brodowiskiem i mieszka\u0144cami Mi\u0119dzyborowa. Wszelkie dzia\u0142ania podejmowane s\u0105 przy wsp\u00f3\u0142pracy z rodzicami, na kt\u00f3rych mo\u017cna zawsze liczy\u0107. Tradycja ta zosta\u0142a wypracowana przez J\u00f3zefa Jagielskiego \u2013 wieloletniego kierownika szko\u0142y. <\/p>\n\n\n\n<p>Kierunki pracy zapocz\u0105tkowane przez niego s\u0105 kontynuowane do dzi\u015b. Obecny \u201esk\u0142ad si\u0142\u201d, podobnie jak przed laty, w oparciu o wsp\u00f3\u0142prac\u0119 z rodzicami i \u015brodowiskiem lokalnym, d\u0105\u017cy do tego, by absolwent szko\u0142y by\u0142 cz\u0142owiekiem prawym, posiadaj\u0105cym rzeteln\u0105 wiedz\u0119, przygotowanym do godnego i m\u0105drego \u017cycia. Swoim uczniom stara si\u0119 stwarza\u0107 warunki wszechstronnego rozwoju, dba   o wysoki poziom nauczania. Staraniem ca\u0142ej spo\u0142eczno\u015bci szkolnej uda\u0142o  si\u0119 wytworzy\u0107 w szkole klimat pokoju, rzetelnej pracy i \u017cyczliwo\u015bci. Dialog jest sposobem rozwi\u0105zywania spraw trudnych.<\/p>\n<\/div>\n<\/div>\n\n\n\n<div class=\"is-layout-flow wp-block-column\" style=\"flex-basis:33%\">\n<figure class=\"wp-block-image\"><img fetchpriority=\"high\" decoding=\"async\" width=\"1024\" height=\"575\" src=\"https:\/\/szkola.miedzyborow.pl\/podstawowa\/wp-content\/uploads\/2022\/12\/P1200892-scaled-e1672736252288-1024x575.jpg\" alt=\"\" class=\"wp-image-1221\" srcset=\"https:\/\/szkola.miedzyborow.pl\/podstawowa\/wp-content\/uploads\/2022\/12\/P1200892-scaled-e1672736252288-1024x575.jpg 1024w, https:\/\/szkola.miedzyborow.pl\/podstawowa\/wp-content\/uploads\/2022\/12\/P1200892-scaled-e1672736252288-300x169.jpg 300w, https:\/\/szkola.miedzyborow.pl\/podstawowa\/wp-content\/uploads\/2022\/12\/P1200892-scaled-e1672736252288-768x432.jpg 768w, https:\/\/szkola.miedzyborow.pl\/podstawowa\/wp-content\/uploads\/2022\/12\/P1200892-scaled-e1672736252288-1536x863.jpg 1536w, https:\/\/szkola.miedzyborow.pl\/podstawowa\/wp-content\/uploads\/2022\/12\/P1200892-scaled-e1672736252288.jpg 1920w\" sizes=\"(max-width: 1024px) 100vw, 1024px\" \/><\/figure>\n<\/div>\n<\/div>\n","protected":false},"excerpt":{"rendered":"<p class=\"tx-excerpt\">O szkole w Mi\u0119dzyborowie Mi\u0119dzyborowska szko\u0142a jest jedn\u0105 z lepszych plac\u00f3wek o\u015bwiatowych w okolicy. Mn\u00f3stwo dzieci z okolicznych miejscowo\u015bci ucz\u0119szcza tutaj. Jej mocn\u0105 stron\u0105 jest wsp\u00f3\u0142praca ze \u015brodowiskiem i mieszka\u0144cami Mi\u0119dzyborowa. Wszelkie dzia\u0142ania<div class=\"tx-read-more\"><a href=\"https:\/\/szkola.miedzyborow.pl\/podstawowa\/about-us\/\">Czytaj wi\u0119cej<\/a><\/div>","protected":false},"author":2,"featured_media":0,"parent":0,"menu_order":1,"comment_status":"closed","ping_status":"closed","template":"","meta":[],"_links":{"self":[{"href":"https:\/\/szkola.miedzyborow.pl\/podstawowa\/wp-json\/wp\/v2\/pages\/765"}],"collection":[{"href":"https:\/\/szkola.miedzyborow.pl\/podstawowa\/wp-json\/wp\/v2\/pages"}],"about":[{"href":"https:\/\/szkola.miedzyborow.pl\/podstawowa\/wp-json\/wp\/v2\/types\/page"}],"author":[{"embeddable":true,"href":"https:\/\/szkola.miedzyborow.pl\/podstawowa\/wp-json\/wp\/v2\/users\/2"}],"replies":[{"embeddable":true,"href":"https:\/\/szkola.miedzyborow.pl\/podstawowa\/wp-json\/wp\/v2\/comments?post=765"}],"version-history":[{"count":42,"href":"https:\/\/szkola.miedzyborow.pl\/podstawowa\/wp-json\/wp\/v2\/pages\/765\/revisions"}],"predecessor-version":[{"id":2040,"href":"https:\/\/szkola.miedzyborow.pl\/podstawowa\/wp-json\/wp\/v2\/pages\/765\/revisions\/2040"}],"wp:attachment":[{"href":"https:\/\/szkola.miedzyborow.pl\/podstawowa\/wp-json\/wp\/v2\/media?parent=765"}],"curies":[{"name":"wp","href":"https:\/\/api.w.org\/{rel}","templated":true}]}}