{"id":8949,"date":"2025-03-26T15:36:08","date_gmt":"2025-03-26T14:36:08","guid":{"rendered":"https:\/\/szkola.miedzyborow.pl\/podstawowa\/?page_id=8949"},"modified":"2025-03-26T15:57:38","modified_gmt":"2025-03-26T14:57:38","slug":"procedura-postepowania-w-przypadku-stwierdzenia-wszawicy-w-zspwm","status":"publish","type":"page","link":"https:\/\/szkola.miedzyborow.pl\/podstawowa\/procedura-postepowania-w-przypadku-stwierdzenia-wszawicy-w-zspwm\/","title":{"rendered":"Procedura post\u0119powania w przypadku stwierdzenia wszawicy w ZSPwM"},"content":{"rendered":"\n<div class=\"is-layout-flex wp-container-3 wp-block-columns\">\n<div class=\"is-layout-flow wp-block-column\" style=\"flex-basis:66.66%\">\n<a href=\"https:\/\/szkola.miedzyborow.pl\/podstawowa\/wp-content\/uploads\/2025\/03\/ppwszaw1.pdf\" class=\"pdfemb-viewer\" style=\"\" data-width=\"max\" data-height=\"max\" data-toolbar=\"bottom\" data-toolbar-fixed=\"off\">ppwszaw1<\/a>\n<a href=\"https:\/\/szkola.miedzyborow.pl\/podstawowa\/wp-content\/uploads\/2025\/03\/ppwszaw2.pdf\" class=\"pdfemb-viewer\" style=\"\" data-width=\"max\" data-height=\"max\" data-toolbar=\"bottom\" data-toolbar-fixed=\"off\">ppwszaw2<\/a>\n<a href=\"https:\/\/szkola.miedzyborow.pl\/podstawowa\/wp-content\/uploads\/2025\/03\/ppwszaw3.pdf\" class=\"pdfemb-viewer\" style=\"\" data-width=\"max\" data-height=\"max\" data-toolbar=\"bottom\" data-toolbar-fixed=\"off\">ppwszaw3<\/a>\n<\/div>\n\n\n\n<div class=\"is-layout-flow wp-block-column\" style=\"flex-basis:33.33%\">\n<div id=\"inpl-weather-main\" class=\"inpl-weather-main\" data-langid=\"1\" data-unitid=\"E\" data-ict=\"2\" data-cid=\"21076\" data-clbg=\"ffffff\" data-cltxt=\"111010\" data-cllink=\"860707\" data-txtdesc=\"1\" data-ftemp=\"1\" data-crps=\"1\" data-crwind=\"1\" data-fr=\"1\" data-wdh=\"300\" data-hif=\"400\" data-d=\"\/\/widgets.interia.pl\" style=\"position:relative; width: 300px; color: #860707; background-color:#ffffff\"><div id=\"inpl-weather-links\" style=\"display:flex;flex-flow:row wrap;justify-content:space-around;padding:0 8px 8px;text-align:center\"><a id=\"wlHbh\" style=\"color:inherit;font-size:13px;text-decoration:none;margin:4px;\" href=\"https:\/\/pogoda.interia.pl\/prognoza-szczegolowa-the-city-name,cId,21076\">Godzina po godzinie<\/a><a id=\"wlfr\" style=\"color:inherit;font-size:13px;text-decoration:none;margin:4px;\" href=\"https:\/\/pogoda.interia.pl\/prognoza-dlugoterminowa-the-city-name,cId,21076\">Na 45 dni<\/a><\/div><\/div><script>!(function(t,n,e){var r,o;t.getElementById(e)||(r=t.getElementsByTagName(n)[0],(o=t.createElement(n)).id=e,o.src=\"\/\/w.iplsc.com\/widget\/weather-2.0.2.jssc\",r.parentNode.appendChild(o))})(document,\"script\",\"widget-js\")<\/script>\n\n\n\n<h2>\u00a0<\/h2>\n<h2 style=\"text-align: center;\"><span style=\"color: #800080;\">Zadania szko\u0142y <\/span><\/h2>\n<h2 style=\"text-align: left;\"><span style=\"color: #800080;\">w walce z wszawic\u0105 -&gt; Link<\/span><\/h2>\n<p>\u00a0<\/p>\n<p>\u00a0<\/p>\n<p class=\"intro\" style=\"text-align: center;\">Problem wszawicy, powraca do plac\u00f3wek o\u015bwiatowych jak bumerang. Mimo, \u017ce na rynku dost\u0119pnych jest wiele skutecznych preparat\u00f3w zwalczaj\u0105cych wszy, problem wyst\u0119puje cyklicznie a stereotypowe my\u015blenie o wszawicy jako chorobie wstydliwej nie pomaga w eliminacji tego zjawiska.<\/p>\n<\/div>\n<\/div>\n","protected":false},"excerpt":{"rendered":"<p class=\"tx-excerpt\">Godzina po godzinieNa 45 dni \u00a0 Zadania szko\u0142y w walce z wszawic\u0105 -&gt; Link \u00a0 \u00a0 Problem wszawicy, powraca do plac\u00f3wek o\u015bwiatowych jak bumerang. Mimo, \u017ce na rynku dost\u0119pnych jest wiele skutecznych preparat\u00f3w<div class=\"tx-read-more\"><a href=\"https:\/\/szkola.miedzyborow.pl\/podstawowa\/procedura-postepowania-w-przypadku-stwierdzenia-wszawicy-w-zspwm\/\">Czytaj wi\u0119cej<\/a><\/div>","protected":false},"author":2,"featured_media":0,"parent":0,"menu_order":0,"comment_status":"closed","ping_status":"closed","template":"","meta":[],"_links":{"self":[{"href":"https:\/\/szkola.miedzyborow.pl\/podstawowa\/wp-json\/wp\/v2\/pages\/8949"}],"collection":[{"href":"https:\/\/szkola.miedzyborow.pl\/podstawowa\/wp-json\/wp\/v2\/pages"}],"about":[{"href":"https:\/\/szkola.miedzyborow.pl\/podstawowa\/wp-json\/wp\/v2\/types\/page"}],"author":[{"embeddable":true,"href":"https:\/\/szkola.miedzyborow.pl\/podstawowa\/wp-json\/wp\/v2\/users\/2"}],"replies":[{"embeddable":true,"href":"https:\/\/szkola.miedzyborow.pl\/podstawowa\/wp-json\/wp\/v2\/comments?post=8949"}],"version-history":[{"count":22,"href":"https:\/\/szkola.miedzyborow.pl\/podstawowa\/wp-json\/wp\/v2\/pages\/8949\/revisions"}],"predecessor-version":[{"id":8980,"href":"https:\/\/szkola.miedzyborow.pl\/podstawowa\/wp-json\/wp\/v2\/pages\/8949\/revisions\/8980"}],"wp:attachment":[{"href":"https:\/\/szkola.miedzyborow.pl\/podstawowa\/wp-json\/wp\/v2\/media?parent=8949"}],"curies":[{"name":"wp","href":"https:\/\/api.w.org\/{rel}","templated":true}]}}